99 and 4849.
13
Calculate the greatest common factor of 906998 and 186.
62
What is the highest common factor of 437104 and 8432?
272
What is the highest common factor of 1983 and 48?
3
Calculate the highest common factor of 11465 and 90.
5
What is the greatest common factor of 32568 and 368?
184
Calculate the greatest common divisor of 3914883 and 378.
63
What is the greatest common factor of 531 and 8308557?
531
What is the highest common factor of 206 and 1083766?
206
Calculate the greatest common factor of 2185 and 447235.
115
Calculate the greatest common divisor of 3063960 and 120.
120
Calculate the greatest common divisor of 33537 and 42.
21
What is the highest common divisor of 1326 and 651729?
663
What is the greatest common divisor of 63 and 38619?
63
Calculate the highest common factor of 97956 and 87.
3
What is the greatest common divisor of 9100 and 1690?
130
Calculate the greatest common divisor of 19929 and 4277.
91
Calculate the highest common divisor of 3570 and 19698.
42
Calculate the highest common factor of 1140 and 190836.
228
Calculate the greatest common divisor of 19329 and 51.
51
What is the highest common factor of 582786 and 54?
18
What is the highest common divisor of 231 and 8061207?
231
Calculate the greatest common divisor of 1662756 and 24.
12
What is the greatest common divisor of 26108 and 43432?
244
What is the greatest common divisor of 36 and 21591?
9
Calculate the greatest common factor of 232 and 159268.
116
Calculate the greatest common divisor of 15707 and 1243.
113
What is the greatest common factor of 424 and 238?
2
Calculate the greatest common factor of 151851 and 2499.
147
What is the highest common divisor of 24363 and 7?
1
Calculate the greatest common divisor of 184717 and 169.
169
Calculate the highest common divisor of 254 and 222758.
254
Calculate the greatest common factor of 6275 and 4267.
251
What is the highest common factor of 1746 and 624292?
194
What is the greatest common factor of 396778 and 1044?
58
What is the highest common divisor of 1147 and 1036?
37
Calculate the highest common factor of 17114 and 4042.
86
What is the highest common factor of 43 and 1031484?
43
What is the highest common factor of 564 and 1310313?
141
What is the highest common factor of 372 and 2630784?
372
Calculate the highest common divisor of 393 and 1437.
3
What is the highest common divisor of 1080 and 7335?
45
Calculate the greatest common divisor of 4950 and 3663.
99
Calculate the greatest common divisor of 869941 and 5608.
701
What is the greatest common factor of 265 and 4235?
5
Calculate the greatest common factor of 122 and 1780.
2
Calculate the greatest common divisor of 576 and 873.
9
Calculate the highest common divisor of 2244 and 45540.
132
Calculate the highest common divisor of 91149 and 46.
23
What is the highest common factor of 171 and 29448?
9
What is the greatest common divisor of 6 and 303078?
6
Calculate the highest common factor of 1708 and 584990.
854
Calculate the greatest common divisor of 74 and 171791.
37
Calculate the highest common divisor of 6218 and 118.
2
Calculate the greatest common divisor of 444 and 216228.
444
What is the highest common divisor of 15988400 and 400?
400
Calculate the greatest common factor of 1053 and 10998.
117
What is the highest common factor of 452 and 76?
4
What is the highest common divisor of 73427 and 11632?
727
Calculate the highest common factor of 897 and 70426.
23
Calculate the highest common factor of 40105 and 26.
13
Calculate the highest common divisor of 1196 and 18408.
52
What is the highest common factor of 37840 and 215?
215
Calculate the greatest common factor of 6253 and 21164.
481
Calculate the greatest common factor of 2295 and 872355.
255
Calculate the greatest common divisor of 324 and 2580.
12
Calculate the greatest common divisor of 881661 and 66.
33
What is the greatest common divisor of 5183790 and 134?
134
What is the highest common factor of 182629 and 181?
181
Calculate the greatest common factor of 24161 and 18284.
653
Calculate the greatest common factor of 576 and 995616.
288
Calculate the greatest common divisor of 336 and 600138.
42
Calculate the greatest common factor of 434061 and 34.
17
Calculate the highest common divisor of 2676 and 1248.
12
Calculate the greatest common factor of 48 and 624.
48
Calculate the highest common factor of 21721 and 2233.
203
What is the greatest common factor of 1760 and 647240?
440
What is the greatest common divisor of 727075 and 25?
25
Calculate the greatest common divisor of 982180 and 260.
20
Calculate the greatest common divisor of 984 and 408.
24
Calculate the greatest common factor of 5274 and 1836.
18
What is the highest common divisor of 65 and 161915?
65
What is the greatest common divisor of 718053 and 651?
651
What is the highest common divisor of 249 and 119105?
83
Calculate the greatest common divisor of 170 and 4360755.
85
Calculate the highest common divisor of 101866 and 106.
106
What is the highest common factor of 99 and 591756?
33
Calculate the greatest common factor of 634 and 273571.
317
What is the highest common divisor of 210 and 7975695?
105
What is the highest common factor of 8550 and 13575?
75
Calculate the highest common divisor of 484 and 272404.
44
What is the greatest common divisor of 1772929 and 74?
37
What is the highest common factor of 14063 and 6517?
343
Calculate the greatest common factor of 7361 and 527.
17
Calculate the greatest common factor of 2753 and 3.
1
Calculate the greatest common divisor of 1422 and 258.
6
Calculate the greatest common divisor of 336 and 220632.
24
What is the greatest common divisor of 10961 and 291?
97
Calculate the highest common divisor of 26488 and 1496.
88
What is the greatest common divisor of 36 and 4842?
18
Calculate the greatest common factor of 100 and 70750.
50
What is the greatest common factor of 123032 and 32396?
364
What is the highest common factor of 137141 and 29?
29
What is the highest common divisor of 40 and 13613480?
40
Calculate the greatest common factor of 154906 and 4672.
146
What is the highest common divisor of 71701 and 7?
7
Calculate the highest common divisor of 7987 and 31.
1
What is the greatest common divisor of 144620 and 40?
20
Calculate the highest common divisor of 15961 and 319.
11
What is the greatest common factor of 18 and 50433?
3
Calculate the greatest common factor of 6 and 321942.
6
What is the greatest common divisor of 365 and 95?
5
What is the greatest common factor of 7212 and 144?
12
What is the highest common divisor of 864 and 2626128?
432
Calculate the greatest common factor of 29379 and 147.
21
Calculate the greatest common factor of 15288 and 48.
24
What is the greatest common divisor of 5865 and 561?
51
Calculate the highest common factor of 23433 and 22338.
219
Calculate the highest common factor of 144012 and 33.
33
What is the greatest common factor of 10611 and 41658?
393
Calculate the highest common factor of 110616 and 704.
88
Calculate the greatest common divisor of 180 and 2910.
30
Calculate the highest common divisor of 14 and 15491.
7
Calculate the greatest common factor of 4779 and 639.
9
Calculate the greatest common divisor of 6177968 and 101.
101
Calculate the highest common divisor of 430 and 1080.
10
What is the highest common factor of 281494 and 388?
194
Calculate the highest common divisor of 176325 and 150.
75
What is the highest common divisor of 5035 and 2945?
95
Calculate the highest common divisor of 139 and 1073636.
139
Calculate the greatest common factor of 40 and 1288376.
8
What is the highest common divisor of 10 and 17403670?
10
What is the highest common factor of 87314 and 298?
298
Calculate the highest common factor of 42 and 283248.
42
Calculate the highest common divisor of 85569 and 33.
33
What is the greatest common factor of 13 and 2391779?
13
Calculate the greatest common divisor of 205673 and 78.
13
What is the greatest common factor of 1864641 and 57?
57
What is the greatest common divisor of 613738 and 3126?
1042
Calculate the highest common divisor of 7825 and 626.
313
What is the highest common factor of 47142 and 388?
194
Calculate the greatest common divisor of 982239 and 111.
111
What is the highest common d